{"id":12213,"date":"2023-08-30T01:20:57","date_gmt":"2023-08-29T23:20:57","guid":{"rendered":"https:\/\/ligapapascumbres.cl\/?page_id=12213"},"modified":"2025-03-23T17:26:15","modified_gmt":"2025-03-23T20:26:15","slug":"base","status":"publish","type":"page","link":"https:\/\/ligapapascumbres.cl\/?page_id=12213","title":{"rendered":"Bases"},"content":{"rendered":"<section class=\"wpb-content-wrapper\"><p>[vc_row][vc_column][vc_single_image image=&#8221;12155&#8243; img_size=&#8221;medium&#8221; alignment=&#8221;center&#8221;][\/vc_column][vc_column][vc_separator color=&#8221;white&#8221;][\/vc_column][\/vc_row][vc_row full_width=&#8221;stretch_row&#8221;][vc_column][vc_column_text]<\/p>\n<h2 style=\"text-align: center;\"><span class=\"Apple-converted-space\">\u00a0<\/span><b>Bases Liga de pap\u00e1s Cumbres 2025<span class=\"Apple-converted-space\">\u00a0<\/span><\/b><b><\/b><\/h2>\n<p><b>I) Integrantes e inscripci\u00f3n:<span class=\"Apple-converted-space\">\u00a0<\/span><\/b><b><\/b><\/p>\n<p>1. Los partidos del campeonato se desarrollar\u00e1n en dos canchas de pasto sint\u00e9tico del Colegio Cumbres, ubicado en Av. Circunvalaci\u00f3n Las Flores 12.870, Las Condes.<span class=\"Apple-converted-space\">\u00a0<\/span><\/p>\n<p>2. La liga se disputar\u00e1 los lunes en los horarios 20.00, 21.00, 22.00 PM. Para esta edici\u00f3n, la fecha de la <b>semana del 09 de Junio <\/b>se utilizar\u00e1 para partidos recuperativos de ser necesario.<span class=\"Apple-converted-space\">\u00a0<\/span><\/p>\n<p>3. Los integrantes de los equipos pertenecientes al Colegio Cumbres <b>deben estar conformados en un 80% <\/b>por apoderados, profesores o ex alumnos del colegio. Los integrantes de los equipos externos al Colegio Cumbres <b>deben estar conformados en un 100% <\/b>por miembros del colegio (apoderados o profesores) al que representan.<span class=\"Apple-converted-space\">\u00a0<\/span><\/p>\n<p>4. Cada equipo podr\u00e1 integrar no m\u00e1s de 1 jugador menor de 34 a\u00f1os, este debe tener 32 o 33 a\u00f1os.<span class=\"Apple-converted-space\">\u00a0<\/span><\/p>\n<p>5. Cada equipo deber\u00e1 inscribir un m\u00ednimo de <b>12 jugadores <\/b>y un m\u00e1ximo de <b>20<\/b>. S\u00f3lo juegan 7 en cancha, contando el arquero.<span class=\"Apple-converted-space\">\u00a0<\/span><\/p>\n<p>6. <b>Para inscribirse<\/b>, el equipo deber\u00e1 llenar la ficha de inscripci\u00f3n y pagar el monto de la inscripci\u00f3n, que es de <b>$50.000 por jugador al semestre <\/b>(profesores, sacerdotes y religiosos quedan exentos de este pago).<span class=\"Apple-converted-space\">\u00a0<\/span><\/p>\n<p>7. Cada equipo tiene que presentar al momento de la inscripci\u00f3n <b>un capit\u00e1n <\/b>o delegado con su respectivo tel\u00e9fono, qui\u00e9n ser\u00e1 el responsable del equipo en todos los \u00e1mbitos frente a la organizaci\u00f3n, tales como:<span class=\"Apple-converted-space\">\u00a0<\/span><\/p>\n<p>\u00b7 Hacer llegar la <b>n\u00f3mina oficial <\/b>de inscripci\u00f3n del equipo con todos los datos que en ella se pida.<span class=\"Apple-converted-space\">\u00a0<\/span><\/p>\n<p>\u00b7 Ser el responsable de cancelar todos los valores que se exijan en el campeonato.<span class=\"Apple-converted-space\">\u00a0<\/span><\/p>\n<p>\u00b7 Ser el intermediario v\u00e1lido entre la organizaci\u00f3n y su equipo.<span class=\"Apple-converted-space\">\u00a0<\/span><\/p>\n<p>\u00b7 Tener un tel\u00e9fono para enviar y recibir informaci\u00f3n necesaria del campeonato.<span class=\"Apple-converted-space\">\u00a0<\/span><\/p>\n<p>\u00b7 Debe estar al tanto de todas las disposiciones e informaciones que se env\u00edan por la organizaci\u00f3n.<span class=\"Apple-converted-space\">\u00a0<\/span><\/p>\n<p>\u00b7 Estar al tanto de los resultados y actualizaci\u00f3n de partidos que se hace v\u00eda WhatsApp y en la p\u00e1gina web, teniendo como plazo m\u00e1ximo para objetarlos o reclamar de ellos hasta el viernes de esa semana.<span class=\"Apple-converted-space\">\u00a0<\/span><\/p>\n<p>\u00b7 Conocer las Bases de la Liga que se pasan a detallar a continuaci\u00f3n.<span class=\"Apple-converted-space\">\u00a0<\/span><\/p>\n<p><b>Sobre La ficha de inscripci\u00f3n:<span class=\"Apple-converted-space\">\u00a0<\/span><\/b><b><\/b><\/p>\n<p>8. En la <b>ficha de inscripci\u00f3n<\/b>, se deber\u00e1 poner el nombre del equipo, capit\u00e1n e integrantes. Es imprescindible su entrega para inscribir al equipo.<span class=\"Apple-converted-space\">\u00a0<\/span><\/p>\n<p><b>II) Presentaci\u00f3n de los equipos, requisitos para jugar una vez inscritos<span class=\"Apple-converted-space\">\u00a0<\/span><\/b><b><\/b><\/p>\n<p>9. <b>No se podr\u00e1 suspender ning\u00fan partido al semestre por equipo. Si un equipo quiere suspender por motivos de fuerza mayor (lesiones, funerales, muertes, viaje de equipo, actividades del colegio), se evaluar\u00e1 la justificaci\u00f3n y esto debe ser avisado el Martes anterior al partido hasta las 11:59 PM.<span class=\"Apple-converted-space\">\u00a0<\/span><\/b><b><\/b><\/p>\n<p>10. Se deben usar zapatillas de futbolito, no toperoles, sean de goma, aluminio o cualquier otro material. Junto con lo anterior se sugiere el uso de canilleras.<span class=\"Apple-converted-space\">\u00a0<\/span><\/p>\n<p>11. El uso de petos ser\u00e1 asignado para los equipos cuando el \u00e1rbitro lo determine conveniente para el buen desarrollo del partido y tambi\u00e9n para los equipos que no tengan la indumentaria completa.<span class=\"Apple-converted-space\">\u00a0<\/span><\/p>\n<p>12. Se exigir\u00e1 que todos los equipos est\u00e9n correctamente uniformados con un \u00fanico n\u00famero que pueda ser distinguido f\u00e1cilmente.<span class=\"Apple-converted-space\">\u00a0<\/span><\/p>\n<p>13. Si los dos equipos tienen indumentarias similares se har\u00e1 un sorteo por parte del \u00e1rbitro para determinar qu\u00e9 equipo usar\u00e1 peto.<span class=\"Apple-converted-space\">\u00a0<\/span><\/p>\n<p>14. Si se sorprende a un jugador con toperoles; el \u00e1rbitro, supervisor o capit\u00e1n del otro equipo podr\u00e1n solicitar sea retirado de la cancha hasta que se los cambie.<span class=\"Apple-converted-space\">\u00a0<\/span><\/p>\n<p>15. Cada equipo jugar\u00e1 con 7 jugadores en cancha (contando el arquero) y podr\u00eda jugar con un m\u00ednimo de 5 jugadores, de ser inferior a 5 se determinar\u00e1 W.O.<span class=\"Apple-converted-space\">\u00a0<\/span><\/p>\n<p>16. Solamente <b>podr\u00e1n jugar <\/b>en el equipo las <b>personas inscritas y registradas<\/b>, de lo contrario se sancionar\u00e1 al equipo, a criterio del tribunal. Los planilleros de cada cancha verificar\u00e1n a trav\u00e9s de la c\u00e9dula de identidad de cada jugador que esto se cumpla.<span class=\"Apple-converted-space\">\u00a0<\/span><\/p>\n<p>17. La n\u00f3mina preliminar deber\u00e1 ser entregada a la organizaci\u00f3n antes de la primera fecha. En cuanto a la n\u00f3mina definitiva esta podr\u00e1 ser entregada hasta la cuarta fecha. Se podr\u00e1 hacer llegar v\u00eda WhatsApp o Mail.<span class=\"Apple-converted-space\">\u00a0<\/span><\/p>\n<p>18. Las n\u00f3minas de jugadores <b>ser\u00e1n inmodificables pasada la 4ta fecha del campeonato<\/b>, salvo excepciones que deber\u00e1n ser presentadas ante el comit\u00e9 organizador de la liga.<span class=\"Apple-converted-space\">\u00a0<\/span><\/p>\n<p>19. Cada jugador extra que sea a\u00f1adido a la n\u00f3mina deber\u00e1 cancelar el monto de 50.000 para hacer v\u00e1lida la incorporaci\u00f3n.<span class=\"Apple-converted-space\">\u00a0<\/span><\/p>\n<p>20. En caso de que el arquero est\u00e9 imposibilitado de jugar, el equipo puede buscar reemplazante para este jugador, existen dos opciones:<span class=\"Apple-converted-space\">\u00a0<\/span><\/p>\n<p>1) Si el jugador NO est\u00e1 inscrito en ning\u00fan equipo de la liga, el equipo debe avisar a la organizaci\u00f3n de la liga con al menos un d\u00eda de anticipaci\u00f3n al partido.<span class=\"Apple-converted-space\">\u00a0<\/span><\/p>\n<p>2) En el caso de que el jugador <b>SI <\/b>est\u00e1 inscrito en otro equipo de la liga, este debe ser aprobado por el capit\u00e1n contrario y luego comunicado a la organizaci\u00f3n.<span class=\"Apple-converted-space\">\u00a0<\/span><\/p>\n<p>21. El W.O. se penalizar\u00e1 <b>3 a 0 en contra<\/b>.<span class=\"Apple-converted-space\">\u00a0<\/span><\/p>\n<p>22. Los partidos en que alguno de los equipos no se presente, se proceder\u00e1 a esperar un m\u00e1ximo de 15 minutos. Si no llega el m\u00ednimo de jugadores requerido (5) se dar\u00e1 la victoria por W.O, al equipo que se presente a la hora. La victoria por W.O., ser\u00e1 de 3 <b>x 0 <\/b>(no se le asignar\u00e1n los goles a ning\u00fan jugador).<span class=\"Apple-converted-space\">\u00a0<\/span><\/p>\n<p><b>III) Reglamento de juego:<span class=\"Apple-converted-space\">\u00a0<\/span><\/b><b><\/b><\/p>\n<p>23. Los partidos se jugar\u00e1n en <b>2 tiempos de 25 minutos<\/b>, (50 minutos en total) con un descanso de 3 minutos de entretiempo, si los capitanes lo solicitan, sino se jugar\u00e1 inmediatamente el segundo tiempo. Los minutos que se agreguen por p\u00e9rdida de tiempo quedar\u00e1n, \u00fanica y exclusivamente bajo la determinaci\u00f3n del \u00e1rbitro. En caso de que los partidos se atrasen por demoras de los equipos u otras razones, se pondr\u00e1 fin del partido si es necesario para respetar los horarios posteriores. Est\u00e1 decisi\u00f3n la tomar\u00e1n exclusivamente los \u00e1rbitros y el supervisor de la liga y ser\u00e1 inapelable.<span class=\"Apple-converted-space\">\u00a0<\/span><\/p>\n<p>24. <b>Se jugar\u00e1 con las reglas normales del f\u00fatbol (reglamento FIFA), a excepci\u00f3n <\/b>del fuera de juego. Gol de saque de meta, sea con el pie o mano del arquero <b>SI <\/b>vale.<span class=\"Apple-converted-space\">\u00a0<\/span><\/p>\n<p>25. Se podr\u00e1n hacer todos los cambios que se quieran, pero con previo aviso al \u00e1rbitro.<span class=\"Apple-converted-space\">\u00a0<\/span><\/p>\n<p>26. <b>Si en los partidos definitorios (playoff) se igualan en diferencia de goles<\/b>, se jugar\u00e1n lanzamientos penales (3 x equipo), de persistir el empate se sigue uno a uno (pateando penales), hasta desempatar, donde no se pueden repetir los jugadores a excepci\u00f3n a que se lleguen a los 7 penales por equipo. <b>Nota: <\/b>El penal, el bal\u00f3n tiene que estar ubicado un paso (del \u00e1rbitro) detr\u00e1s del centro de la l\u00ednea del \u00e1rea. El jugador tendr\u00e1 un paso de carrera medido por el mismo jugador y supervisado por el criterio del \u00e1rbitro para ejecutar el penal.<span class=\"Apple-converted-space\">\u00a0<\/span><\/p>\n<p>27. En caso de, habiendo concluido la fase regular, hubiera empate entre dos o m\u00e1s equipos, para determinar cu\u00e1l de ellos accede a los playoffs, se considerar\u00e1n los siguientes factores en el orden que se pasa a mencionar:<span class=\"Apple-converted-space\">\u00a0<\/span><\/p>\n<p>-Mayor n\u00famero de puntos.<span class=\"Apple-converted-space\">\u00a0<\/span><\/p>\n<p>-Diferencia de goles.<span class=\"Apple-converted-space\">\u00a0<\/span><\/p>\n<p>-Goles a favor<span class=\"Apple-converted-space\">\u00a0<\/span><\/p>\n<p>En caso de persistir el empate siguiendo los criterios antes mencionados, se proceder\u00e1 a revisar los criterios siguientes:<span class=\"Apple-converted-space\">\u00a0<\/span><\/p>\n<p>-Resultado en cancha.<span class=\"Apple-converted-space\">\u00a0<\/span><\/p>\n<p>-Goles en contra.<span class=\"Apple-converted-space\">\u00a0<\/span><\/p>\n<p>-Siguiendo el empate y habi\u00e9ndose considerado todos los factores antes expuestos, quien acceda a play off ser\u00e1 determinado mediante sorteo a determinar por el comit\u00e9 organizador.<span class=\"Apple-converted-space\">\u00a0<\/span><\/p>\n<p>28. Habr\u00e1 tarjetas amarillas y rojas.<span class=\"Apple-converted-space\">\u00a0<\/span><\/p>\n<p>a. Existir\u00e1 una sanci\u00f3n impuesta por el informe del \u00e1rbitro en conjunto con el veedor. Estas ser\u00e1n informadas a trav\u00e9s de la p\u00e1gina web y ser\u00e1n apelables por el jugador y equipo hasta el d\u00eda viernes, luego de eso se tomar\u00e1 una decisi\u00f3n inapelable.<span class=\"Apple-converted-space\">\u00a0<\/span><\/p>\n<p>b. Todas las apelaciones que se hagan llegar a la organizaci\u00f3n ser\u00e1n estrictamente confidenciales entre la organizaci\u00f3n y el equipo.<span class=\"Apple-converted-space\">\u00a0<\/span><\/p>\n<p><b>IV) Sistema de Campeonato:<span class=\"Apple-converted-space\">\u00a0<\/span><\/b><b><\/b><\/p>\n<p>El campeonato ser\u00e1 conformado por 12 equipos. Los primeros cuatro equipos de cada grupo clasifican a la copa de oro. Del quinto lugar al octavo ir\u00e1n a la copa de plata. Y del noveno al duod\u00e9cimo ir\u00e1n a la copa de bronce.<span class=\"Apple-converted-space\">\u00a0<\/span><\/p>\n<p>29. El fixture completo estar\u00e1 disponible desde el mi\u00e9rcoles antes de la fecha y los equipos tendr\u00e1n hasta ese d\u00eda para pedir alg\u00fan horario que est\u00e9n complicados. Si durante el campeonato alg\u00fan equipo est\u00e1 complicado con alg\u00fan horario, es responsabilidad de ese equipo comunicarse con el contrincante involucrado y los otros dos equipos para gestionar un cambio de horario. Si por alg\u00fan motivo un equipo no accede al cambio de horario, se mantendr\u00e1 el fixture original.<span class=\"Apple-converted-space\">\u00a0<\/span><\/p>\n<p><b>V) Normas organizacionales:<span class=\"Apple-converted-space\">\u00a0<\/span><\/b><b><\/b><\/p>\n<p>30. <b>Si alg\u00fan equipo tiene problemas con las fechas de programaci\u00f3n de un partido, <\/b>debe avisar hasta la tercera fecha del campeonato, proponiendo una modificaci\u00f3n por escrito a la organizaci\u00f3n.<span class=\"Apple-converted-space\">\u00a0<\/span><\/p>\n<p>31. <b>Ser\u00e1 responsabilidad del capit\u00e1n, <\/b>el informarse sobre las fechas, cambios y modificaciones de estas, recaudaci\u00f3n de cualquier suma que se adeude, poner en conocimiento de su equipo las presentes bases e informar de todo lo anterior a su equipo. <b>Con la sola inscripci\u00f3n del equipo, se subentiende la aceptaci\u00f3n y consentimiento de las ya estipuladas bases del campeonato<\/b>.<span class=\"Apple-converted-space\">\u00a0<\/span><\/p>\n<p>32. <b>Los \u00e1rbitros <\/b>ser\u00e1n profesionales, es decir, ser\u00e1n externos a quienes participan en el certamen. Si un \u00e1rbitro <b>no asiste <\/b>a su respectivo arbitraje, el supervisor tendr\u00e1 el derecho de designar al respectivo veedor a realizar dicho arbitraje o de suspender esa fecha por fuerza mayor. La decisi\u00f3n tomada quedar\u00e1 a criterio del Supervisor y ser\u00e1 inapelable.<span class=\"Apple-converted-space\">\u00a0<\/span><\/p>\n<p>Importante mencionar que los \u00e1rbitros y veedores funcionan a modo de ministros de fe, y, por tanto, se atender\u00e1 a lo que ellos comuniquen en caso de haber situaciones extraordinarias durante el desarrollo de los partidos, con posibilidad de defensa de cada uno de los jugadores involucrados.<span class=\"Apple-converted-space\">\u00a0<\/span><\/p>\n<p>33. Cada capit\u00e1n ser\u00e1 miembro de la Liga<b>. Tendr\u00e1 derecho a voz y voto en los puntos o temas que se sujeten a elecci\u00f3n y opini\u00f3n. Adem\u00e1s, cuando la Organizaci\u00f3n lo solicite, podr\u00e1n sugerir soluciones o manifestar criterios sobre las distintas materias que se deriven.<span class=\"Apple-converted-space\">\u00a0<\/span><\/b><b><\/b><\/p>\n<p>34. Cualquier vac\u00edo de las presentes bases ser\u00e1n solucionadas por la determinaci\u00f3n y a criterio exclusivo de la organizaci\u00f3n.<span class=\"Apple-converted-space\">\u00a0<\/span>[\/vc_column_text][\/vc_column][\/vc_row][vc_row][vc_column][vc_single_image image=&#8221;12461&#8243; img_size=&#8221;full&#8221; alignment=&#8221;center&#8221;][\/vc_column][\/vc_row][vc_row][vc_column][vc_separator color=&#8221;white&#8221;][\/vc_column][\/vc_row]<\/p>\n<\/section>","protected":false},"excerpt":{"rendered":"<p>[vc_row][vc_column][vc_single_image image=&#8221;12155&#8243; img_size=&#8221;medium&#8221; alignment=&#8221;center&#8221;][\/vc_column][vc_column][vc_separator color=&#8221;white&#8221;][\/vc_column][\/vc_row][vc_row full_width=&#8221;stretch_row&#8221;][vc_column][vc_column_text] \u00a0Bases Liga de pap\u00e1s Cumbres 2025\u00a0 I) Integrantes e inscripci\u00f3n:\u00a0 1. Los partidos del campeonato se desarrollar\u00e1n en dos canchas de pasto sint\u00e9tico del Colegio Cumbres, ubicado en Av. Circunvalaci\u00f3n Las Flores 12.870, Las Condes.\u00a0 2. La liga se disputar\u00e1 los lunes en los horarios 20.00, 21.00, 22.00 PM. [&hellip;]<\/p>\n","protected":false},"author":1,"featured_media":0,"parent":0,"menu_order":0,"comment_status":"closed","ping_status":"closed","template":"","meta":{"footnotes":""},"_links":{"self":[{"href":"https:\/\/ligapapascumbres.cl\/index.php?rest_route=\/wp\/v2\/pages\/12213"}],"collection":[{"href":"https:\/\/ligapapascumbres.cl\/index.php?rest_route=\/wp\/v2\/pages"}],"about":[{"href":"https:\/\/ligapapascumbres.cl\/index.php?rest_route=\/wp\/v2\/types\/page"}],"author":[{"embeddable":true,"href":"https:\/\/ligapapascumbres.cl\/index.php?rest_route=\/wp\/v2\/users\/1"}],"replies":[{"embeddable":true,"href":"https:\/\/ligapapascumbres.cl\/index.php?rest_route=%2Fwp%2Fv2%2Fcomments&post=12213"}],"version-history":[{"count":18,"href":"https:\/\/ligapapascumbres.cl\/index.php?rest_route=\/wp\/v2\/pages\/12213\/revisions"}],"predecessor-version":[{"id":14394,"href":"https:\/\/ligapapascumbres.cl\/index.php?rest_route=\/wp\/v2\/pages\/12213\/revisions\/14394"}],"wp:attachment":[{"href":"https:\/\/ligapapascumbres.cl\/index.php?rest_route=%2Fwp%2Fv2%2Fmedia&parent=12213"}],"curies":[{"name":"wp","href":"https:\/\/api.w.org\/{rel}","templated":true}]}}